ppose -11*o - 1932 + 5650 = 0. Let m = 353 - o. What is the greatest common divisor of 105 and m?
15
Suppose i = -2*i + 48. Let z(w) = 22*w + 8. Let u be z(0). Suppose 0 = 2*r - 2*m - 36, u*r - 4*m + 40 = 11*r. Calculate the greatest common divisor of r and i.
16
Suppose -4 - 24 = 3*d - 40. Calculate the highest common divisor of 226 and d.
2
Let y(w) = -2*w**3 - 3*w**2 - 2. Let v be y(-3). Let i(z) = 38*z - 620. Let d be i(17). Let n = d - v. What is the highest common factor of 5 and n?
1
Let i(q) = 2*q - 11. Let l be i(7). Suppose l*h + 10 - 25 = 0. Suppose 5*s - 5*y + h = 0, 1 = -3*s - 2*y + 13. Calculate the highest common factor of 10 and s.
2
Let m(l) = 4*l**3 + 32 + 34 - 64 - 3*l. Let f be m(1). Suppose 192 - 60 = f*k. What is the greatest common factor of k and 88?
44
Let k = 3333 - 2275. Suppose -7*d + 13 = -k. Calculate the highest common factor of 34 and d.
17
Let t = 8 + -12. Let l be (-1 + -1)*(t - (-15)/6). Suppose -j + z + 119 = 0, l*j - 488 = -j - 2*z. Calculate the highest common factor of 11 and j.
11
Let l = 3737 - 3713. Calculate the greatest common divisor of l and 276.
12
Let g be (-10 + 6)*(3/(-18) + (-5)/15). What is the highest common factor of 241 and g?
1
Suppose -13*x - 285 = -16*x. Let j be ((-19)/4)/(72/(-2304)*4/6). Calculate the highest common factor of x and j.
19
Let l(z) = -7*z - 27. Let a be l(-7). Let m be ((-2)/3)/(4/30). Let y be m*-22*(-5)/(-10). Calculate the greatest common factor of y and a.
11
Let k be ((-8)/(10 - 2))/((-6)/12282). Calculate the highest common divisor of k and 184.
23
Suppose 0 = -5*d - 8971 + 23641. Let n be 3/7 + d/63. Calculate the greatest common factor of 188 and n.
47
Let m be (2/4)/((-4)/(-64)). Calculate the greatest common factor of 6472 and m.
8
Suppose -3*b - 3*j = 48, -3*b - 62 = 2*j - 6*j. Let c = b - -30. Let i be (42 - 31 - 5)/(-1 - 14/(-10)). What is the greatest common divisor of c and i?
3
Suppose 0 = -5*z + d + 677, -z + 5*d - 530 = -5*z. Suppose -10*h + 405 = -z. What is the highest common divisor of 36 and h?
18
Suppose -y + q = -103, 277 = 5*y + 4*q - 283. What is the greatest common factor of y and 2133?
27
Let q be (-34)/(-323) + (-96)/(-171) + 136/3. What is the highest common factor of q and 12282?
46
Let h = 1269 - 1904. Let i = 915 + h. What is the greatest common factor of i and 56?
56
Suppose -5*z + 30 + 65 = 0. Let u = -10699 - -11060. What is the highest common divisor of u and z?
19
Let k = -1437 - -1447. What is the greatest common divisor of k and 155?
5
Suppose 21*j + 7*j + 13*j - 7175 = 0. What is the greatest common divisor of j and 100?
25
Let a be 22*((-18)/4)/9*-1. Suppose -a*n - 21 = -186. What is the greatest common divisor of n and 12?
3
Let d(g) = -97*g - 21. Let l be d(-6). Let n(c) = 5*c**2 + 8*c - 18. Let b be n(3). Suppose 0 = 4*q - 3*q - b. Calculate the greatest common divisor of q and l.
51
Let w be ((-70)/(-21))/((-6)/(-27)). Let r(u) = -u**3 + 14*u**2 + 14*u + 59. Let h be r(w). What is the highest common divisor of 12 and h?
4
Let u = -23325 + 23429. Calculate the greatest common divisor of u and 23400.
104
Let t = 42 - 2. Let v(a) = -4*a**2 + 6*a + 5. Let o be v(7). Let r = o + 249. Calculate the highest common factor of r and t.
20
Suppose 3*j + 3*y - 591 = 8*y, -3*j = 4*y - 564. What is the highest common factor of 732 and j?
12
Let j be 2 + -3 + 20640 + 5 + 15 + -22. What is the highest common factor of 9 and j?
9
Suppose 0*x - 5*x + 380 = 0. Let k(h) = -4*h**3 + h**2 - 3. Let j = 1 - 4. Let a be k(j). What is the greatest common factor of a and x?
38
Let z be 6*(-2 + (-8)/(-3)). Let k be 3*(48/9)/z. Suppose 0 = -0*r - 4*r - k*t + 68, 5*t + 13 = 2*r. Calculate the highest common factor of r and 49.
7
Let v = -932 - -971. What is the greatest common factor of 33 and v?
3
Suppose 2*z + 53 = i - 81, 5*i - 3*z = 649. Let q = 3970 - 3962. Calculate the highest common factor of i and q.
8
Let f be (-8 - -36)/(-4) + 1 - -746. Calculate the greatest common divisor of f and 50.
10
Suppose 27*z + 8 + 154 = 0. Let d be (-6)/z*-2 - 2 - -372. Calculate the greatest common divisor of d and 23.
23
Let r = 1539 - 1527. Let g(y) be the second derivative of -y**5/20 + 7*y**4/12 + 2*y**3/3 - 6*y. Let j be g(6). What is the highest common divisor of j and r?
12
Let d(a) = -23*a**2 - 326*a + 48. Let p be d(-13). What is the greatest common divisor of p and 84?
21
Suppose -65*v - 92 = -66*v. Suppose -3*z = -5*w + 45, 2*w - 3*z - z - 32 = 0. Suppose 0 = w*t - 2*t - 920. Calculate the greatest common divisor of t and v.
46
Suppose -2*i - 2*i + 352 = 0. Let b(k) = -k**3 - 176*k**2 + 155*k - 2222. Let r be b(-177). Calculate the greatest common divisor of i and r.
88
Let z(d) be the second derivative of d**5/20 + 5*d**4/6 + 2*d**3 + 5*d**2/2 - 35*d - 3. Let n be z(-5). Calculate the greatest common factor of 42 and n.
14
Let x be ((-3878)/70)/(1/5). Let j = x - -321. What is the greatest common divisor of 44 and j?
44
Let v(z) = -2*z - 20. Let a be v(-6). Let l be (5 - 2)*2/2 - a. Let t(j) = 2*j - 10. Let s be t(l). Calculate the greatest common divisor of s and 36.
12
Suppose 277 + 2723 = 120*g. What is the highest common factor of g and 2025?
25
Suppose -22*j + 682 + 506 = 0. Suppose 5*c - 54 = -3*u + u, -2*u = 2*c - j. What is the greatest common divisor of u and 81?
27
Let p = -6114 - -6130. Calculate the greatest common divisor of 2000 and p.
16
Let v be (-51 - -49)/((-2)/1 - (-611)/312). What is the greatest common factor of v and 62256?
48
Let s(y) = 1 + 4 + 2*y + y**3 - 4*y - 4*y**2. Let n be s(3). Let k be 2/n*3 + 2015/25. Calculate the highest common factor of 32 and k.
16
Let w = -494 - -710. Let j be 2/40*-4 + (-21)/(-5). Suppose -j*g + 82 = -14. What is the highest common factor of w and g?
24
Let w be ((-15)/(-5))/((-3)/(-8)). Let y be w/14 + ((-24030)/(-63) - -9). What is the greatest common factor of 69 and y?
23
Suppose -101*z + 14780 = -11581. What is the highest common divisor of 81 and z?
9
Suppose -m - 3*f + 3 = 2*m, -m + f = 1. Suppose m = -2*j - 2*j + 12. Suppose j*n = 12 + 36. Calculate the highest common factor of 40 and n.
8
Let g(i) = i**3 + 19*i**2 - 2*i - 46. Let d be g(-19). Let n(r) = r + 37. Let h be n(d). Calculate the highest common factor of 116 and h.
29
Let x = -127 + 96. Let p = -31 - x. Let j be ((-99)/(-12) - p) + (-3)/12. What is the greatest common factor of j and 8?
8
Let i be -6 + (-208)/(-20) + (-6)/(-10). Let x be -2*1*(-190)/4. Calculate the greatest common divisor of x and i.
5
Suppose 0 = 90*u - 244695 + 14925. What is the greatest common divisor of u and 555?
111
Let b = 2 - -3. Let f(p) = 4*p - 1. Let t be f(b). Suppose -14*o + 8*o + 1862 = 8*o. What is the greatest common divisor of o and t?
19
Suppose 0 = 26*c - 1165 - 577. Calculate the greatest common factor of 3350 and c.
67
Let t be ((-972)/(-45))/((-9)/(-60)). Let x be (-559)/(-5) - (-2)/10. What is the greatest common factor of x and t?
16
Suppose -71309 = -107*f + 170083. Calculate the highest common factor of f and 60.
12
Let q = -76 - -400. Calculate the greatest common divisor of q and 90.
18
Suppose -119 = -9*h + 115. Suppose 2*t - h = 38. What is the highest common divisor of 208 and t?
16
Let c = -65 + 124. Suppose -53 + c = a. What is the greatest common divisor of a and 3?
3
Let t be 163 + -30 + (-5)/((-15)/6). Suppose 45 = w - 4*i, -4*w = -7*i + 6*i - t. Calculate the highest common factor of 297 and w.
33
Let n(t) be the first derivative of t**2/2 + 12*t - 4. Let m be n(-8). Suppose -m*i = -4, 2*o - 5 = -5*i + 6. What is the highest common divisor of o and 3?
3
Suppose 98 + 3745 = -9*g. Let i = -328 - g. Calculate the greatest common factor of i and 363.
33
Suppose 3*t = 5*r + 32, -16908*t + 16906*t + r = -12. Let w = 251 + -151. What is the greatest common factor of w and t?
4
Let c = 10986 - 10972. Calculate the highest common factor of 217 and c.
7
Suppose -50695013 = -825*p + 92*p. What is the highest common divisor of 97 and p?
97
Let h be (-6)/93 + 107264/1984. Calculate the greatest common factor of h and 1158.
6
Suppose 30*d + 26 - 326 = 0. Let p(f) = f**3 - 10*f**2 + 8*f - 13. Let j be p(d). What is the greatest common factor of j and 201?
67
Let h = 59 + -59. Let c(g) = -3*g**3 + g + 75. Let q be c(h). Calculate the 